2 = 0. Let x = -8 + f. Let i(n) = n**2 + 7*n + 8. Give i(x).
2
Let q(i) = 3*i**2 - 21*i + 16. Let b(x) = -2*x**2 + 14*x - 11. Let f(r) = -7*b(r) - 5*q(r). Determine f(5).
7
Suppose 5*a + 34 - 14 = 0. Let m(h) = h**3 + 3*h**2 - 3*h - 4. Determine m(a).
-8
Let g(i) = 2*i - 26. Let r be g(18). Suppose 5 = b + r. Let d(w) = -w**2 - 7*w - 3. What is d(b)?
7
Let o(c) = -c**3 + 5*c**2 + 6*c - 8. Let m = -7 + 13. What is o(m)?
-8
Let x(l) be the third derivative of -l**6/120 + l**5/30 + l**4/24 - l**3/3 - l**2. Give x(2).
0
Suppose 0 = 2*q + 3*q + 35. Let u = -10 - q. Let p(x) = 8*x + 5. Let s(k) = 3*k + 2. Let m(z) = 6*p(z) - 17*s(z). Calculate m(u).
5
Suppose -2*z = -4*u - z + 23, u = -3*z - 4. Let y(d) = d**3 - 4*d**2 - 7*d + 3. Give y(u).
-7
Let k(p) = -2*p**2 + p + 7. Let a = 2 + 1. Let w(f) = f**2 + f - 1. Let d(u) = a*w(u) + k(u). Let l(v) = -v**2 + v - 2. Let y be l(2). Determine d(y).
4
Let f = -3 + 8. Let x = 12 - 7. Let g be (f + -1)/(-6 + x). Let k(a) = a**2 + 5*a + 2. Give k(g).
-2
Let d(b) = 9*b**2 + 4*b. Let x(k) = k**2 + k + 1. Let r(v) = -d(v) + 4*x(v). Let q(m) be the first derivative of r(m). Calculate q(1).
-10
Let y(t) = t. Let o be y(0). Suppose o = l - 6*l + 20. Let s(x) = -x + 5. Determine s(l).
1
Let f(b) be the second derivative of 3*b**5/20 + b**4/12 + b**3/6 - b**2/2 - 22*b. Suppose -5*a + 5 = -0. Let p be (-1 - 1) + a*3. Give f(p).
4
Let a(b) = b**3 - b + 1. Suppose o = 3*o - 10. Let g be 2 - (-2 + 2 - 5). Let z = g - o. Give a(z).
7
Let f(j) = 3*j - 1. Let v = -8 - -12. Let a = -2 - 3. Let c = v + a. Determine f(c).
-4
Let f(l) be the second derivative of -5*l**4/4 + l**3/3 + l**2/2 + 4*l. Let s(j) = j**3 - 5*j**2 + 3*j + 3. Let i be s(4). What is f(i)?
-16
Let v be (18/4)/(6/(-8)). Let t(d) = 5*d + d**3 + 7*d**2 - 2*d**3 + 0*d - 1 + 2*d**3. What is t(v)?
5
Let w = -34 - -38. Let q(x) = x + 5. What is q(w)?
9
Let u(h) = h**2 + 20. Let i(v) = -2*v**2 + 7*v - 3. Let d be i(3). Determine u(d).
20
Suppose -16*l + 20*l - 12 = 0. Let b(s) = s**3 - 2*s**2 + s + 1. Calculate b(l).
13
Let d(r) = r + 6. Let h(a) = a + 5. Let t(z) = -5*d(z) + 6*h(z). Calculate t(4).
4
Suppose 2*v - 4 = 26. Let m(d) = v - 9*d + 8*d - 7. What is m(4)?
4
Let h(t) = -3*t + 16*t + 1 - 11*t + 3. Calculate h(-4).
-4
Suppose 1 = -f + m, -f = m + 3 - 8. Let l(q) = 2*q**3 + 3*q**f - 5*q - q**3 - q**2 - q**2 - 4. Give l(-3).
-7
Let c(u) = -u - 4. Let k(b) = -2*b - 5. Let t(d) = 3*c(d) - 2*k(d). Give t(2).
0
Let q(f) = -f**2 - 6*f + 1. Let i be 18/(-4) - 6/12. Let g = -1 + i. Let u be q(g). Let c(v) = -4*v + 1. What is c(u)?
-3
Let b be 2*-1*(-12)/3. Suppose -3*h - b = -5*h. Let z(y) = 5*y**2 + 4*y - h*y**2 + 0*y**2. Calculate z(-5).
5
Let u(z) be the third derivative of z**4/12 + 3*z**3/2 + 25*z**2. Calculate u(-8).
-7
Let f be (2 - (0 - -2)) + -3. Let m(u) = u**3 + 4*u**2 - 2. Calculate m(f).
7
Let l(a) = 3 + 4*a + 0*a**3 - a**3 - 3*a**2 + 0*a**2. Let r be 2/(-6) + (-22)/6. Determine l(r).
3
Let p(s) be the first derivative of -s**3/3 - 3*s**2 - 2*s + 10. What is p(-7)?
-9
Let j(u) be the first derivative of u**2/2 - u + 13. Give j(7).
6
Let h(w) = w**2 - w + 2. Let r be 0/(2 - 4) + 4. Calculate h(r).
14
Let n(g) be the third derivative of g**5/60 - g**4/8 + g**3/6 + 5*g**2. Give n(3).
1
Let x(c) = c**3 - 4*c**2 - 5*c + 7. Suppose -2*t + 0*t = 0. Suppose t = -4*l - z + 18, l - 3*z - 2*z - 15 = 0. Let f = l - 0. Calculate x(f).
7
Let f be 5/(-10) + (-1)/(-2). Let s(t) be the third derivative of t**5/60 - 5*t**3/6 - t**2. Calculate s(f).
-5
Let u be ((-12)/(-10))/(6/(-20)). Let t(c) = 5*c**2 - 10*c - 10. Let r(i) = 2*i**2 - 5*i - 5. Let l(z) = 7*r(z) - 3*t(z). What is l(u)?
-1
Let g(y) = 4*y - 3. Suppose 0 = 4*x + 2*o + 2, -3*x + 6*x = -2*o - 4. Calculate g(x).
5
Let l(q) = -q**2 - 10*q - 2. Suppose 4*f = -12, 19 + 11 = -3*g - f. What is l(g)?
7
Let j(o) = -o**3 + o**2 + o + 4. Suppose 3*a + 12 - 3 = -5*m, 4*a + 12 = -2*m. Give j(m).
4
Let v(z) be the third derivative of z**6/120 - z**5/20 - z**4/8 - z**3/6 - 20*z**2. Let x = 1 - -3. Give v(x).
3
Let p(o) be the second derivative of -1/2*o**4 - 7/6*o**3 + 0 - 2*o - o**2 - 1/20*o**5. Calculate p(-5).
8
Let u(q) = -9*q**3 - 7*q**2 - 7*q + 5. Let o(g) = -g**3 + g**2 + g - 1. Let d(a) = -6*o(a) - u(a). Determine d(-1).
-14
Suppose -18 = n - 10*n. Let x(q) be the third derivative of 1/60*q**5 + 0 - 1/6*q**4 + 0*q + q**n - 1/2*q**3. Give x(5).
2
Let y(m) = -m**2 + 6*m - 6. Suppose 41 = 3*i - 19. Suppose k + 5 = 3*t - 2*t, -2*k = 4*t - i. Determine y(t).
-1
Suppose 9*f + 4*f = 78. Let j(g) = g**2 - g. Let c(o) = -7*o**2 + 10*o + 6. Let b(u) = c(u) + 6*j(u). Give b(f).
-6
Let j(u) = 2*u - 1. Suppose -5*r - 7 - 13 = 0. Let k = r + 7. Determine j(k).
5
Suppose -3*x + 22 = d, 35 - 9 = x + 5*d. Let h(w) be the third derivative of 0 + 1/24*w**4 + 0*w + 1/3*w**3 - 2*w**2. Give h(x).
8
Let t = -2 - -7. Let q(p) be the second derivative of p**5/20 - 5*p**4/12 + 7*p**2/2 + 7*p. Calculate q(t).
7
Suppose -5*i = 26 - 6. Let c(u) = u + 1. Give c(i).
-3
Suppose y - 12 = -y. Let x(c) = -c + 13. Give x(y).
7
Suppose 9*j - 89 + 26 = 0. Let f(s) = -2*s + 9. Determine f(j).
-5
Let g(w) = -w**2 - w. Let t(q) = 4*q**2 + 2*q. Let x(c) = 6*g(c) + 2*t(c). Let s(m) = 7*m + 7 - m + 7*m**3 - 8*m**3 - 4*m**2. Let b be s(-5). Calculate x(b).
4
Let i(b) = -4*b - 4. Let u(h) = -h - 1. Let d(p) = -i(p) + 5*u(p). Let c be 1 - 4 - (-1 + 0). What is d(c)?
1
Let i be (-7 - 1)/(-4 + 2). Suppose 3*m + 13 = i. Let j(n) = -n**2 + 3. Determine j(m).
-6
Let i(n) = -n - n + 3*n - 2*n + 4. What is i(4)?
0
Let y = 7 + 8. Suppose -y = -7*z + 4*z. Let x(g) = -2*g - 1 - 2 - g + z*g. What is x(3)?
3
Let i(t) = t - 2. Let u(f) = 7*f**2 + 7*f + 10. Let v(n) = 6*n**2 + 7*n + 9. Let q(w) = 5*u(w) - 6*v(w). Let m be q(-6). Calculate i(m).
0
Let n(k) = k + 11. Let t be n(-8). Let y(w) = -5 + 1 - w**3 + 1 - 5*w**2 + 4*w - t. Determine y(-6).
6
Let o(j) be the second derivative of 2*j**2 + 5/6*j**3 - 2*j + 0 + 1/12*j**4. Give o(-4).
0
Let s(c) = 2*c**3 - 5*c**2 + 3*c - 3. Let o = -6 + 9. Calculate s(o).
15
Let z(b) = -b**3 - 5*b**2 - 2*b + 5. Suppose w = 5*w. Let k = 3 + w. Suppose 8*a + 4 = 3*a + 4*r, k*a + 16 = -r. Determine z(a).
-3
Suppose 0 = 3*h - 4*l - 30, -4*h - 4*l + 3*l = -21. Suppose -2*v + 3*v = h. Let c(d) = d**3 - 5*d**2 - 6*d + 2. Determine c(v).
2
Let y be -2 - (3 - (16 - 1)). Let c(u) = -y*u + 16*u - 2 - 7*u. Let a(w) = w**3 - 6*w**2 + 5*w - 3. Let i be a(5). What is c(i)?
1
Let w(b) = -2*b. Let r be ((-6)/(-9))/((-2)/12). Let y = 0 - r. Suppose -n - 15 = y*n. Calculate w(n).
6
Let i(q) = 0*q**2 - 2*q - 1 + q**2 - 2*q - 7. Give i(7).
13
Let x = -4 + 3. Let l(v) = 3*v - v - v. Calculate l(x).
-1
Let p(o) = o. Let r(k) = -3*k - 1. Let m(h) = 5*p(h) + 2*r(h). Calculate m(5).
-7
Let j(w) be the first derivative of -w**3/3 - 7*w**2/2 - 3*w + 21. Give j(-6).
3
Let p(a) be the second derivative of a**4/12 + 5*a**3/6 + a**2/2 + 3*a. Let m be (-38)/8 - (-1)/(-4). What is p(m)?
1
Let x(p) = -p**3 + 23*p**2 + p - 25. Let r be x(23). Let g(h) be the third derivative of h**5/30 + h**4/12 + h**2. Determine g(r).
4
Let j(f) = f**2 + 5*f + 3. Suppose 4*k + 0*o = 5*o + 27, 0 = -k - 4*o - 9. Suppose c = 3*c - 5*m + 18, 0 = k*c - 3*m + 18. What is j(c)?
-1
Let o = -7 + 4. Let l be 3/o*(-2 + 1). Let f(x) = -6*x - 3. Let b(s) = 7*s + 4. Let d(t) = 4*b(t) + 5*f(t). What is d(l)?
-1
Let j(s) = s**3 - s**2 + s + 5. Suppose 5*h = 3*h. Let u be 0/((-4)/(12/(-9))). Let b = h + u. Calculate j(b).
5
Let k(b) = -b**3 + 3*b. Let r be k(2). Let w(s) = -s**2 - 2*s - 1. Give w(r).
-1
Let i be (-4)/(-14) + (-33)/(-7). Let y(a) = 3*a - 3. Let l be y(2). Let n(g) = 6 - 2 + 6*g**2 + 0*g**l - g**3 - 7*g - 1. Determine n(i).
-7
Let d(z) = z**2 + z + 10. Suppose 5*b = f - 3*f - 10, 25 = -2*b - 5*f. Determine d(b).
10
Let i(w) = w - w**2 - 2*w**3 + 0*w**2 - 3*w**3 + 0*w. Let a(f) = f**2 + 5*f - 5. Let x be a(-6). Determine i(x).
-5
Let k(a) = -2*a**2 - 3*a - 7. Let g(n) be the first derivative of n**3/3 + n**2/2 + 3*n - 3. Let v(u) = -5*g(u) - 3*k(u). Calculate v(-4).
6
Let g(c) be the third derivative of -c**5/60 + c**4/6 - 4*c**2. Determine g(3).
3
Suppose -2*o + o - 6 = 0. Let h(s) = -s - 5. Determine h(o).
1
Let b(a) = a**3 - 3*a**2 - 6*a + 4. Let u be 23*3/(-6)*-2. Suppose -2*m = 2, -m = 